 the remainder when 93810437 is divided by 5518260?
17
Calculate the remainder when 56318 is divided by 8335.
6308
What is the remainder when 13890116 is divided by 14714?
100
Calculate the remainder when 27672 is divided by 524.
424
What is the remainder when 21891 is divided by 16512?
5379
Calculate the remainder when 14393 is divided by 2717.
808
What is the remainder when 108597 is divided by 35512?
2061
What is the remainder when 1389953 is divided by 552?
17
What is the remainder when 373478 is divided by 243?
230
What is the remainder when 3897691 is divided by 390?
31
Calculate the remainder when 23358132 is divided by 189.
0
What is the remainder when 7263105 is divided by 69?
27
What is the remainder when 42836 is divided by 42729?
107
What is the remainder when 9605959 is divided by 459?
7
Calculate the remainder when 99960 is divided by 8781.
3369
What is the remainder when 24360 is divided by 8080?
120
Calculate the remainder when 198886 is divided by 6173.
1350
Calculate the remainder when 241619818 is divided by 156.
154
Calculate the remainder when 981176530 is divided by 166.
164
What is the remainder when 236450534 is divided by 414099?
5
Calculate the remainder when 219864 is divided by 7664.
5272
What is the remainder when 20525435 is divided by 5570?
5555
Calculate the remainder when 1180796 is divided by 7473.
62
What is the remainder when 1576588 is divided by 15?
13
What is the remainder when 10629 is divided by 1242?
693
What is the remainder when 136363921 is divided by 442740?
1
Calculate the remainder when 1168605 is divided by 7642.
7021
What is the remainder when 70244851 is divided by 605559?
7
Calculate the remainder when 2165041 is divided by 430.
421
Calculate the remainder when 1659760 is divided by 346.
344
What is the remainder when 31380 is divided by 7828?
68
Calculate the remainder when 12530886 is divided by 848.
838
Calculate the remainder when 1233509 is divided by 4421.
50
Calculate the remainder when 9972 is divided by 1857.
687
Calculate the remainder when 72290856 is divided by 111.
108
What is the remainder when 353962 is divided by 12325?
8862
Calculate the remainder when 44284756 is divided by 31.
16
Calculate the remainder when 17842654 is divided by 208.
206
Calculate the remainder when 340136558 is divided by 2416.
2414
What is the remainder when 598715268 is divided by 21?
18
What is the remainder when 139365698 is divided by 34841412?
50
What is the remainder when 74993 is divided by 4155?
203
What is the remainder when 250101 is divided by 20835?
81
Calculate the remainder when 2971256 is divided by 509.
223
Calculate the remainder when 331964 is divided by 1128.
332
What is the remainder when 703704 is divided by 55?
34
Calculate the remainder when 5360590 is divided by 5359680.
910
Calculate the remainder when 849262 is divided by 283083.
13
Calculate the remainder when 14758 is divided by 1246.
1052
What is the remainder when 17772324 is divided by 143?
141
What is the remainder when 248562264 is divided by 115?
114
What is the remainder when 129136391 is divided by 396?
395
Calculate the remainder when 17796 is divided by 403.
64
What is the remainder when 133937 is divided by 89?
81
Calculate the remainder when 19651 is divided by 3899.
156
What is the remainder when 109688 is divided by 175?
138
Calculate the remainder when 11847598 is divided by 3949199.
1
What is the remainder when 621240 is divided by 123722?
2630
Calculate the remainder when 352178 is divided by 1042.
1024
What is the remainder when 25002641 is divided by 53?
50
Calculate the remainder when 17825 is divided by 2968.
17
What is the remainder when 4123822 is divided by 105738?
40
What is the remainder when 911829 is divided by 438?
351
Calculate the remainder when 1093183 is divided by 84088.
39
What is the remainder when 128447 is divided by 1066?
527
What is the remainder when 13575289 is divided by 10?
9
Calculate the remainder when 11288320 is divided by 7213.
7188
What is the remainder when 27406841 is divided by 14?
7
Calculate the remainder when 10826 is divided by 10472.
354
Calculate the remainder when 2676738 is divided by 2676675.
63
What is the remainder when 3098121 is divided by 1549056?
9
What is the remainder when 3436522 is divided by 18?
16
Calculate the remainder when 3665353 is divided by 1832656.
41
What is the remainder when 49947338 is divided by 349282?
12
Calculate the remainder when 1342359 is divided by 215.
114
Calculate the remainder when 1417817 is divided by 4758.
4691
What is the remainder when 4684603 is divided by 79400?
3
Calculate the remainder when 421790 is divided by 26355.
110
Calculate the remainder when 104820 is divided by 535.
495
Calculate the remainder when 342121 is divided by 56415.
3631
Calculate the remainder when 13374206 is divided by 286.
274
What is the remainder when 478652 is divided by 660?
152
What is the remainder when 14346498 is divided by 108?
102
What is the remainder when 55086335 is divided by 309?
287
What is the remainder when 49406181 is divided by 7?
6
What is the remainder when 124800 is divided by 3565?
25
Calculate the remainder when 356775 is divided by 206.
189
What is the remainder when 662930 is divided by 94701?
23
What is the remainder when 124449 is divided by 1367?
52
Calculate the remainder when 10435475 is divided by 58.
57
Calculate the remainder when 12075653 is divided by 257.
251
What is the remainder when 1250243 is divided by 10082?
75
Calculate the remainder when 1759526 is divided by 97.
43
Calculate the remainder when 381803 is divided by 438.
305
What is the remainder when 1247054 is divided by 82?
80
What is the remainder when 36410418 is divided by 12136803?
9
What is the remainder when 64070205 is divided by 5824560?
45
What is the remainder when 10701065 is divided by 2531?
2528
What is the remainder when 14352622 is divided by 328?
326
Calculate the remainder when 9216 is divided by 4305.
606
Calculate the remainder when 24712618 is divided by 24712592.
26
Calculate the remainder when 11536246 is divided by 317.
299
Calculate the remainder when 286672 is divided by 709.
236
What is the remainder when 204885 is divided by 10?
5
What is the remainder when 19562905 is divided by 5930?
5765
What is the remainder when 2216532 is divided by 5927?
5761
Calculate the remainder when 156788 is divided by 2239.
58
What is the remainder when 5124 is divided by 4344?
780
What is the remainder when 41722859 is divided by 50?
9
Calculate the remainder when 2069343 is divided by 2404.
1903
Calculate the remainder when 212545 is divided by 9238.
71
Calculate the remainder when 17673167 is divided by 2077.
2051
What is the remainder when 18198302 is divided by 41548?
278
Calculate the remainder when 611428 is divided by 5050.
378
Calculate the remainder when 4699247 is divided by 142400.
47
What is the remainder when 317904 is divided by 158859?
186
Calculate the remainder when 321621 is divided by 775.
771
What is the remainder when 203889 is divided by 16829?
1941
Calculate the remainder when 166900 is divided by 907.
12
What is the remainder when 18685679 is divided by 50?
29
What is the remainder when 94214 is divided by 94136?
78
What is the remainder when 9070051 is divided by 5507?
22
What is the remainder when 53147591 is divided by 15?
11
Calculate the remainder when 74163 is divided by 14796.
183
Calculate the remainder when 226356 is divided by 28283.
92
What is the remainder when 172843 is divided by 28263?
3265
Calculate the remainder when 5488667 is divided by 388.
19
What is the remainder when 438398 is divided by 402?
218
Calculate the remainder when 130614 is divided by 383.
11
What is the remainder when 1908972 is divided by 635671?
1959
Calculate the remainder when 165467 is divided by 11025.
92
Calculate the remainder when 72009 is divided by 676.
353
Calculate the remainder when 113644 is divided by 35814.
6202
What is the remainder when 764151 is divided by 22475?
1
Calculate the remainder when 86946 is divided by 612.
42
Calculate the remainder when 4302767 is divided by 478085.
2
What is the remainder when 30246412 is divided by 6049281?
7
Calculate the remainder when 17547 is divided by 116.
31
Calculate th